ainder when 712 is divided by 314?
84
Calculate the remainder when 50925 is divided by 47.
24
What is the remainder when 86521 is divided by 515?
1
What is the remainder when 292 is divided by 224?
68
What is the remainder when 669 is divided by 86?
67
What is the remainder when 422 is divided by 415?
7
What is the remainder when 196694 is divided by 11570?
4
What is the remainder when 250730 is divided by 174?
170
Calculate the remainder when 32294 is divided by 32225.
69
Calculate the remainder when 431195 is divided by 415.
10
Calculate the remainder when 142187 is divided by 51.
50
Calculate the remainder when 27624 is divided by 5501.
119
Calculate the remainder when 3978 is divided by 3957.
21
What is the remainder when 1677 is divided by 345?
297
Calculate the remainder when 353 is divided by 174.
5
What is the remainder when 17107 is divided by 1710?
7
Calculate the remainder when 187282 is divided by 30.
22
What is the remainder when 934772 is divided by 72?
68
Calculate the remainder when 97293 is divided by 1985.
28
Calculate the remainder when 11044 is divided by 2106.
514
What is the remainder when 4385 is divided by 76?
53
What is the remainder when 3270 is divided by 1612?
46
Calculate the remainder when 1430 is divided by 167.
94
Calculate the remainder when 12393 is divided by 1767.
24
What is the remainder when 5172 is divided by 7?
6
Calculate the remainder when 260017 is divided by 12.
1
Calculate the remainder when 1710 is divided by 181.
81
What is the remainder when 9454 is divided by 250?
204
What is the remainder when 60175 is divided by 354?
349
What is the remainder when 61762 is divided by 15434?
26
Calculate the remainder when 69554 is divided by 52.
30
What is the remainder when 8353 is divided by 2739?
136
Calculate the remainder when 189888 is divided by 189882.
6
What is the remainder when 26672 is divided by 9?
5
What is the remainder when 7512 is divided by 304?
216
Calculate the remainder when 12099 is divided by 671.
21
What is the remainder when 25103 is divided by 1118?
507
Calculate the remainder when 792 is divided by 96.
24
Calculate the remainder when 4329 is divided by 432.
9
Calculate the remainder when 28012 is divided by 69.
67
What is the remainder when 3867 is divided by 98?
45
What is the remainder when 136829 is divided by 32?
29
What is the remainder when 1268938 is divided by 60?
58
What is the remainder when 16544 is divided by 4122?
56
What is the remainder when 63031 is divided by 170?
131
What is the remainder when 49492 is divided by 55?
47
Calculate the remainder when 147289 is divided by 286.
285
Calculate the remainder when 24638 is divided by 194.
0
What is the remainder when 108675 is divided by 43?
14
What is the remainder when 41437 is divided by 1036?
1033
Calculate the remainder when 331957 is divided by 20745.
37
Calculate the remainder when 1238 is divided by 382.
92
Calculate the remainder when 53105 is divided by 21.
17
Calculate the remainder when 5774491 is divided by 11.
8
What is the remainder when 2721 is divided by 893?
42
What is the remainder when 684 is divided by 166?
20
What is the remainder when 1887 is divided by 495?
402
What is the remainder when 28800 is divided by 7140?
240
Calculate the remainder when 953 is divided by 284.
101
What is the remainder when 5340 is divided by 928?
700
What is the remainder when 23659 is divided by 204?
199
Calculate the remainder when 267 is divided by 248.
19
Calculate the remainder when 1914 is divided by 1267.
647
Calculate the remainder when 16383 is divided by 5364.
291
What is the remainder when 272 is divided by 252?
20
What is the remainder when 767933 is divided by 185?
183
What is the remainder when 21896 is divided by 420?
56
Calculate the remainder when 41671 is divided by 1494.
1333
What is the remainder when 35737 is divided by 8929?
21
What is the remainder when 863130 is divided by 864?
858
Calculate the remainder when 16097 is divided by 8043.
11
Calculate the remainder when 146096 is divided by 175.
146
What is the remainder when 1566799 is divided by 20?
19
Calculate the remainder when 4801 is divided by 4788.
13
Calculate the remainder when 7188 is divided by 58.
54
What is the remainder when 215144 is divided by 213?
14
What is the remainder when 2221997 is divided by 16?
13
Calculate the remainder when 22667 is divided by 41.
35
Calculate the remainder when 35104 is divided by 6.
4
What is the remainder when 4220 is divided by 124?
4
What is the remainder when 7739 is divided by 103?
14
What is the remainder when 4188 is divided by 231?
30
What is the remainder when 66966 is divided by 1522?
1520
What is the remainder when 183598 is divided by 680?
678
Calculate the remainder when 247976 is divided by 493.
490
Calculate the remainder when 398782 is divided by 268.
266
Calculate the remainder when 15323 is divided by 14.
7
Calculate the remainder when 16819 is divided by 246.
91
What is the remainder when 308683 is divided by 43?
29
What is the remainder when 134399 is divided by 420?
419
Calculate the remainder when 7274 is divided by 6836.
438
Calculate the remainder when 2313 is divided by 27.
18
Calculate the remainder when 77352 is divided by 45.
42
What is the remainder when 3827185 is divided by 21?
19
What is the remainder when 7281 is divided by 159?
126
What is the remainder when 75405 is divided by 6283?
9
Calculate the remainder when 2029563 is divided by 506.
503
What is the remainder when 4726 is divided by 439?
336
Calculate the remainder when 8086 is divided by 8070.
16
What is the remainder when 3347 is divided by 199?
163
What is the remainder when 1020 is divided by 87?
63
Calculate the remainder when 3579 is divided by 485.
184
Calculate the remainder when 24518 is divided by 326.
68
What is the remainder when 1308 is divided by 1306?
2
Calculate the remainder when 36021 is divided by 15.
6
What is the remainder when 24588 is divided by 4884?
168
Calculate the remainder when 21679 is divided by 1275.
4
What is the remainder when 991765 is divided by 157?
153
What is the remainder when 179562 is divided by 106?
104
Calculate the remainder when 1759 is divided by 232.
135
Calculate the remainder when 19031 is divided by 307.
304
Calculate the remainder when 3803 is divided by 87.
62
Calculate the remainder when 1386472 is divided by 241.
240
Calculate the remainder when 709316 is divided by 2907.
8
What is the remainder when 7251 is divided by 1798?
59
What is the remainder when 13290 is divided by 375?
165
What is the remainder when 37994 is divided by 106?
46
What is the remainder when 460630 is divided by 51?
49
Calculate the remainder when 22236 is divided by 7409.
9
What is the remainder when 3835 is divided by 1237?
124
Calculate the remainder when 3614 is divided by 1215.
1184
Calculate the remainder when 124821 is divided by 12.
9
Calculate the remainder when 287449 is divided by 11.
8
Calculate the remainder when 70655 is divided by 3.
2
Calculate the remainder when 688 is divided by 145.
108
What is the remainder when 5280 is divided by 110?
0
What is the remainder when 354 is divided by 247?
107
What is the remainder when 9326 is divided by 5?
1
Calculate the remainder when 878 is divided by 444.
434
Calculate the remainder when 10148 is divided by 47.
43
What is the remainder when 5244 is divided by 1013?
179
What is the remainder when 5107 is divided by 131?
129
What is the remainder when 144 is divided by 23?
6
What is the remainder when 53994 is divided by 3171?
87
What is the remainder when 10224 is divided by 414?
288
Calculate the remainder when 244816 is divided by 16.
0
Calculate the remainder when 263727 is divided by 37672.
23
Calculate the remainder when 8691 is divided by 99.
78
What is the remainder when 79422 is divided by 17?
15
What is the remainder when 3830 is divided by 3712?
118
What is the remainder when 204140 is divided by 1730?
0
What is the remainder when 1746 is divided by 50?
46
Calculate the remainder when 4231 is divided by 74.
13
What is the remainder when 2594 is divided by 57?
29
Calculate the remainder when 398749 is divided by 290.
289
What is the remainder when 2304 is divided by 2304?
0
What is the remainder when 22259 is divided by 11